{"id":127,"date":"2016-12-26T09:40:13","date_gmt":"2016-12-26T09:40:13","guid":{"rendered":"https:\/\/raratheme.com\/preview\/lawyer-landing-page\/?page_id=127"},"modified":"2024-07-02T16:16:52","modified_gmt":"2024-07-02T16:16:52","slug":"contact","status":"publish","type":"page","link":"http:\/\/www.avberkayakdag.com\/?page_id=127","title":{"rendered":"\u0130leti\u015fim"},"content":{"rendered":"\n<h2 class=\"wp-block-heading\">B\u0130ZE ULA\u015eIN<\/h2>\n\n\n\n<p>Web sitemiz ki\u015fisel blog olarak kullan\u0131lmaktad\u0131r. Yaz\u0131lar\u0131m\u0131zla ilgili soru ve \u00f6neri veya taleplerinizi bize iletebilirsiniz.<br>berkayakdag@outlook.com<br>(0534) 359 38 10<br><\/p>\n\n\n\n<h2 class=\"wp-block-heading\"><\/h2>\n\n\n\n<p><\/p>\n","protected":false},"excerpt":{"rendered":"<p>B\u0130ZE ULA\u015eIN Web sitemiz ki\u015fisel blog olarak kullan\u0131lmaktad\u0131r. Yaz\u0131lar\u0131m\u0131zla ilgili soru ve \u00f6neri veya taleplerinizi bize iletebilirsiniz.berkayakdag@outlook.com(0534) 359 38 10<\/p>\n","protected":false},"author":1,"featured_media":0,"parent":0,"menu_order":0,"comment_status":"closed","ping_status":"closed","template":"","meta":{"om_disable_all_campaigns":false,"_sitemap_exclude":false,"_sitemap_priority":"","_sitemap_frequency":"","footnotes":""},"class_list":["post-127","page","type-page","status-publish","hentry"],"aioseo_notices":[],"yoast_head":"<!-- This site is optimized with the Yoast SEO plugin v21.6 - https:\/\/yoast.com\/wordpress\/plugins\/seo\/ -->\n<title>\u0130leti\u015fim - AVUKAT BERKAY AKDA\u011e<\/title>\n<meta name=\"robots\" content=\"index, follow, max-snippet:-1, max-image-preview:large, max-video-preview:-1\" \/>\n<link rel=\"canonical\" href=\"http:\/\/www.avberkayakdag.com\/?page_id=127\" \/>\n<meta property=\"og:locale\" content=\"tr_TR\" \/>\n<meta property=\"og:type\" content=\"article\" \/>\n<meta property=\"og:title\" content=\"\u0130leti\u015fim - AVUKAT BERKAY AKDA\u011e\" \/>\n<meta property=\"og:description\" content=\"B\u0130ZE ULA\u015eIN Web sitemiz ki\u015fisel blog olarak kullan\u0131lmaktad\u0131r. Yaz\u0131lar\u0131m\u0131zla ilgili soru ve \u00f6neri veya taleplerinizi bize iletebilirsiniz.berkayakdag@outlook.com(0534) 359 38 10\" \/>\n<meta property=\"og:url\" content=\"http:\/\/www.avberkayakdag.com\/?page_id=127\" \/>\n<meta property=\"og:site_name\" content=\"AVUKAT BERKAY AKDA\u011e\" \/>\n<meta property=\"article:modified_time\" content=\"2024-07-02T16:16:52+00:00\" \/>\n<meta name=\"twitter:card\" content=\"summary_large_image\" \/>\n<meta name=\"twitter:label1\" content=\"Tahmini okuma s\u00fcresi\" \/>\n\t<meta name=\"twitter:data1\" content=\"1 dakika\" \/>\n<script type=\"application\/ld+json\" class=\"yoast-schema-graph\">{\"@context\":\"https:\/\/schema.org\",\"@graph\":[{\"@type\":\"WebPage\",\"@id\":\"http:\/\/www.avberkayakdag.com\/?page_id=127\",\"url\":\"http:\/\/www.avberkayakdag.com\/?page_id=127\",\"name\":\"\u0130leti\u015fim - AVUKAT BERKAY AKDA\u011e\",\"isPartOf\":{\"@id\":\"http:\/\/www.avberkayakdag.com\/#website\"},\"datePublished\":\"2016-12-26T09:40:13+00:00\",\"dateModified\":\"2024-07-02T16:16:52+00:00\",\"breadcrumb\":{\"@id\":\"http:\/\/www.avberkayakdag.com\/?page_id=127#breadcrumb\"},\"inLanguage\":\"tr\",\"potentialAction\":[{\"@type\":\"ReadAction\",\"target\":[\"http:\/\/www.avberkayakdag.com\/?page_id=127\"]}]},{\"@type\":\"BreadcrumbList\",\"@id\":\"http:\/\/www.avberkayakdag.com\/?page_id=127#breadcrumb\",\"itemListElement\":[{\"@type\":\"ListItem\",\"position\":1,\"name\":\"Anasayfa\",\"item\":\"http:\/\/www.avberkayakdag.com\/\"},{\"@type\":\"ListItem\",\"position\":2,\"name\":\"\u0130leti\u015fim\"}]},{\"@type\":\"WebSite\",\"@id\":\"http:\/\/www.avberkayakdag.com\/#website\",\"url\":\"http:\/\/www.avberkayakdag.com\/\",\"name\":\"AV. BERKAY AKDA\u011e\",\"description\":\"Hukuk Blogu\",\"publisher\":{\"@id\":\"http:\/\/www.avberkayakdag.com\/#\/schema\/person\/e791060ac64a3d64847d72cda5fdb3c3\"},\"potentialAction\":[{\"@type\":\"SearchAction\",\"target\":{\"@type\":\"EntryPoint\",\"urlTemplate\":\"http:\/\/www.avberkayakdag.com\/?s={search_term_string}\"},\"query-input\":\"required name=search_term_string\"}],\"inLanguage\":\"tr\"},{\"@type\":[\"Person\",\"Organization\"],\"@id\":\"http:\/\/www.avberkayakdag.com\/#\/schema\/person\/e791060ac64a3d64847d72cda5fdb3c3\",\"name\":\"AV.BERKAY AKDA\u011e\",\"image\":{\"@type\":\"ImageObject\",\"inLanguage\":\"tr\",\"@id\":\"http:\/\/www.avberkayakdag.com\/#\/schema\/person\/image\/\",\"url\":\"https:\/\/secure.gravatar.com\/avatar\/688e21c4876849871696ec06992af7bba38ba6d0e631e66525100c33195e81c2?s=96&d=mm&r=g\",\"contentUrl\":\"https:\/\/secure.gravatar.com\/avatar\/688e21c4876849871696ec06992af7bba38ba6d0e631e66525100c33195e81c2?s=96&d=mm&r=g\",\"caption\":\"AV.BERKAY AKDA\u011e\"},\"logo\":{\"@id\":\"http:\/\/www.avberkayakdag.com\/#\/schema\/person\/image\/\"},\"sameAs\":[\"http:\/\/www.avberkayakdag.com\"]}]}<\/script>\n<!-- \/ Yoast SEO plugin. -->","yoast_head_json":{"title":"\u0130leti\u015fim - AVUKAT BERKAY AKDA\u011e","robots":{"index":"index","follow":"follow","max-snippet":"max-snippet:-1","max-image-preview":"max-image-preview:large","max-video-preview":"max-video-preview:-1"},"canonical":"http:\/\/www.avberkayakdag.com\/?page_id=127","og_locale":"tr_TR","og_type":"article","og_title":"\u0130leti\u015fim - AVUKAT BERKAY AKDA\u011e","og_description":"B\u0130ZE ULA\u015eIN Web sitemiz ki\u015fisel blog olarak kullan\u0131lmaktad\u0131r. Yaz\u0131lar\u0131m\u0131zla ilgili soru ve \u00f6neri veya taleplerinizi bize iletebilirsiniz.berkayakdag@outlook.com(0534) 359 38 10","og_url":"http:\/\/www.avberkayakdag.com\/?page_id=127","og_site_name":"AVUKAT BERKAY AKDA\u011e","article_modified_time":"2024-07-02T16:16:52+00:00","twitter_card":"summary_large_image","twitter_misc":{"Tahmini okuma s\u00fcresi":"1 dakika"},"schema":{"@context":"https:\/\/schema.org","@graph":[{"@type":"WebPage","@id":"http:\/\/www.avberkayakdag.com\/?page_id=127","url":"http:\/\/www.avberkayakdag.com\/?page_id=127","name":"\u0130leti\u015fim - AVUKAT BERKAY AKDA\u011e","isPartOf":{"@id":"http:\/\/www.avberkayakdag.com\/#website"},"datePublished":"2016-12-26T09:40:13+00:00","dateModified":"2024-07-02T16:16:52+00:00","breadcrumb":{"@id":"http:\/\/www.avberkayakdag.com\/?page_id=127#breadcrumb"},"inLanguage":"tr","potentialAction":[{"@type":"ReadAction","target":["http:\/\/www.avberkayakdag.com\/?page_id=127"]}]},{"@type":"BreadcrumbList","@id":"http:\/\/www.avberkayakdag.com\/?page_id=127#breadcrumb","itemListElement":[{"@type":"ListItem","position":1,"name":"Anasayfa","item":"http:\/\/www.avberkayakdag.com\/"},{"@type":"ListItem","position":2,"name":"\u0130leti\u015fim"}]},{"@type":"WebSite","@id":"http:\/\/www.avberkayakdag.com\/#website","url":"http:\/\/www.avberkayakdag.com\/","name":"AV. BERKAY AKDA\u011e","description":"Hukuk Blogu","publisher":{"@id":"http:\/\/www.avberkayakdag.com\/#\/schema\/person\/e791060ac64a3d64847d72cda5fdb3c3"},"potentialAction":[{"@type":"SearchAction","target":{"@type":"EntryPoint","urlTemplate":"http:\/\/www.avberkayakdag.com\/?s={search_term_string}"},"query-input":"required name=search_term_string"}],"inLanguage":"tr"},{"@type":["Person","Organization"],"@id":"http:\/\/www.avberkayakdag.com\/#\/schema\/person\/e791060ac64a3d64847d72cda5fdb3c3","name":"AV.BERKAY AKDA\u011e","image":{"@type":"ImageObject","inLanguage":"tr","@id":"http:\/\/www.avberkayakdag.com\/#\/schema\/person\/image\/","url":"https:\/\/secure.gravatar.com\/avatar\/688e21c4876849871696ec06992af7bba38ba6d0e631e66525100c33195e81c2?s=96&d=mm&r=g","contentUrl":"https:\/\/secure.gravatar.com\/avatar\/688e21c4876849871696ec06992af7bba38ba6d0e631e66525100c33195e81c2?s=96&d=mm&r=g","caption":"AV.BERKAY AKDA\u011e"},"logo":{"@id":"http:\/\/www.avberkayakdag.com\/#\/schema\/person\/image\/"},"sameAs":["http:\/\/www.avberkayakdag.com"]}]}},"_links":{"self":[{"href":"http:\/\/www.avberkayakdag.com\/index.php?rest_route=\/wp\/v2\/pages\/127","targetHints":{"allow":["GET"]}}],"collection":[{"href":"http:\/\/www.avberkayakdag.com\/index.php?rest_route=\/wp\/v2\/pages"}],"about":[{"href":"http:\/\/www.avberkayakdag.com\/index.php?rest_route=\/wp\/v2\/types\/page"}],"author":[{"embeddable":true,"href":"http:\/\/www.avberkayakdag.com\/index.php?rest_route=\/wp\/v2\/users\/1"}],"replies":[{"embeddable":true,"href":"http:\/\/www.avberkayakdag.com\/index.php?rest_route=%2Fwp%2Fv2%2Fcomments&post=127"}],"version-history":[{"count":20,"href":"http:\/\/www.avberkayakdag.com\/index.php?rest_route=\/wp\/v2\/pages\/127\/revisions"}],"predecessor-version":[{"id":1363,"href":"http:\/\/www.avberkayakdag.com\/index.php?rest_route=\/wp\/v2\/pages\/127\/revisions\/1363"}],"wp:attachment":[{"href":"http:\/\/www.avberkayakdag.com\/index.php?rest_route=%2Fwp%2Fv2%2Fmedia&parent=127"}],"curies":[{"name":"wp","href":"https:\/\/api.w.org\/{rel}","templated":true}]}}